emainder when d is divided by 12?
9
Let n(i) = i**3 + 21*i**2 + 37*i - 7. Let f be 6/(96/(-76))*(-8)/(-2). Suppose 0 = -3*c - 0*c + 6. Calculate the remainder when n(f) is divided by c.
0
Let t(o) = o**2 + 8*o - 28. Let n(x) = x - 36. Let w be n(24). Suppose -m = -5*m + 312. What is the remainder when m is divided by t(w)?
18
Let v(z) = -46*z**2 - 326*z - 14. Let g(o) = -9*o - 1. Let q be g(6). Let y = q + 110. Calculate the remainder when y is divided by v(-7).
13
Let i = -120 - -137. Let v(o) = o**3 - 20*o**2 - 22*o - 26. Let n be v(21). Let p = -15 - n. Calculate the remainder when p is divided by i.
15
Let u = -1739 + 1829. Let k = 7 - -17. Calculate the remainder when u is divided by k.
18
What is the remainder when (-2384)/1490 - 2316/(-10) is divided by 154?
76
Let f be (-1)/2 + (-9)/(-2). Let j(d) = -171*d - 4. Let l be j(0). Calculate the remainder when 38 is divided by (-70)/f*l/5.
10
Let q(i) = -1061*i - 4535. Calculate the remainder when q(-6) is divided by 17.
12
Let q(n) = 40*n + 3. Let p = 198 - 125. Let a = -72 + p. What is the remainder when q(a) is divided by 11?
10
Let b = -21720 - -21833. What is the remainder when 779 is divided by b?
101
Let o = -18955 - -19086. What is the remainder when 12442 is divided by o?
128
Let l(t) = -6*t**2 + 20*t + 678. Suppose -3*b + 24 = -78. Calculate the remainder when b is divided by l(-9).
10
Let i(a) = -5*a - 133. Let y = -5 - -15. Calculate the remainder when y is divided by i(-27).
0
Let j(g) = g**3 + g**2 - 3*g - 5. Let d be j(-4). Suppose 3*k - 239 = k + i, 2*k = 3*i + 233. Let p = d + k. Calculate the remainder when p is divided by 27.
26
Suppose -5*r - 2*c = c - 282, -c = -r + 50. Let x = 110 - r. Calculate the remainder when 1/4 - (-1722)/x is divided by 8.
7
Suppose 47774 + 92010 + 1607 = 31*u. Calculate the remainder when u is divided by 27.
25
Let k(l) = -5*l**3 - 2*l**2 + l - 6. Let t = -257 - -254. What is the remainder when k(t) is divided by 44?
20
Let a(w) = -w**2 - 37*w - 21. Let d be a(-34). Suppose 82*m = d*m + 5. Calculate the remainder when 7 is divided by m.
2
Let r(p) be the third derivative of p**4/6 - 5*p**3/2 - 23*p**2. Let d be r(15). Suppose 42*y = d*y - 60. What is the remainder when 79 is divided by y?
19
Suppose 5 = -4*c - 19. Calculate the remainder when (20941/487)/(1/4) is divided by 88/(-6)*(c - -3).
40
Let v = -47 + 72. Calculate the remainder when v is divided by (-2 + 5 + 3)*(-2)/(-4).
1
Let h = 286 + -290. What is the remainder when (2/h)/(((-11)/(-324))/(-11)) is divided by 41?
39
Suppose 61 = -4*x + 265. Let h = 72 - x. Suppose 53*z - 78 = 346. Calculate the remainder when h is divided by z.
5
Calculate the remainder when (-12723)/(-12) + (-13)/((-780)/(-15)) is divided by 114.
34
Suppose 3*r - 28 = -2*k + 407, 5*r - 2*k = 741. What is the remainder when 1766 is divided by r?
2
Let u = 12 - 12. Suppose 3*a - a - 132 = u. Calculate the remainder when a is divided by (-33)/11 + 1 + 1 - -18.
15
Calculate the remainder when 6 + 21987/35 - (1/5 + 0) is divided by 28.
18
Let w be (-2)/(-3) - (-70)/21. Let p = -767 + 777. What is the remainder when (-6)/8 + 67/w is divided by p?
6
Let w = -1270 + 1379. Calculate the remainder when 337 is divided by w.
10
Suppose -29186 = -19*k - 17066 + 21890. What is the remainder when k is divided by 7?
5
Suppose 33*w - 170*w + 3288 = 0. Calculate the remainder when 40 is divided by w.
16
Let n(f) be the second derivative of -f**5/20 + 5*f**4/4 + 35*f**3/6 - 7*f**2 - 7*f. Let w = 176 - 159. What is the remainder when 4 is divided by n(w)?
1
Let g = 4967 + -4561. Calculate the remainder when g is divided by 11.
10
Let b(m) = 2*m**2 - 5*m. Let f = 16925 - 16921. Calculate the remainder when b(5) is divided by f.
1
Let x(g) = 135*g - 1451. What is the remainder when x(46) is divided by 136?
135
Let q(n) = n**2 + 8*n + 15. Suppose -25*a + 41*a = 16. What is the remainder when q(-6) is divided by a?
0
What is the remainder when 22769 is divided by -66*((-30)/27)/(4/9)?
164
Let i = -130 + 310. Suppose 4*q = 0, 4*b - 4*q + 0*q - i = 0. What is the remainder when b is divided by 4?
1
Calculate the remainder when 108 - 1 - 3*-1 is divided by (-84 + 0)*-7*30/315.
54
Let r(v) = -29*v - 71. What is the remainder when r(-5) is divided by 20*(2 - (-40)/(-32))?
14
What is the remainder when 14610 is divided by 4865 - ((-36)/14 - 426/994)?
6
Let y = -27 - -36. Suppose -127 - 17 = y*v. Let l = 33 + v. Calculate the remainder when 63 is divided by l.
12
Let p = -8712 - -8899. What is the remainder when 2052 is divided by p?
182
Suppose 158 - 77 = 3*l - 150. Calculate the remainder when 1395 is divided by l.
9
Let y(m) be the second derivative of 5*m**3/3 - 203*m**2/2 - m - 77. What is the remainder when y(22) is divided by 10?
7
Let a(q) = 11*q**2 + 145*q + 54. What is the remainder when a(-16) is divided by 94?
80
Let y = -8626 - -8850. What is the remainder when 660 is divided by y?
212
Suppose 63*n + 26*n - 18779 = 0. Calculate the remainder when n is divided by 12.
7
Let a(k) = 8*k + 50. Let b be a(-19). Let l = b - -111. Suppose -2*q = -5*s + 2, -2 = -2*q + 5*s - 2*s. What is the remainder when l is divided by q?
1
Let z(u) = -15*u**2 + 22*u - 8. Let b(d) = 15*d**2 - 18*d + 7. Let x(j) = 3*b(j) + 2*z(j). What is the remainder when 129 is divided by x(2)?
39
Let h(c) = -c**2 - 804*c + 113075. Let v = -5 - -12. Calculate the remainder when h(122) is divided by v.
5
Suppose -2*f - 3*l + 132 = 0, -4*f - l = -3*l - 264. Let k be (14 - 2)/2*(54 + -3). Suppose -k = -14*j + 5*j. What is the remainder when f is divided by j?
32
Suppose 0 = 350*c - 354*c, v + c - 249 = 0. Let m(x) = -x**3 - 25*x**2 - 2*x - 8. What is the remainder when v is divided by m(-25)?
39
Suppose -4*k = -2*k + 132. Let j = 62 + k. Let t = j - -14. What is the remainder when 36 is divided by t?
6
Let r(b) = 2*b + 29. Let v be r(-14). Suppose w = 2*u - 4*w - 109, -w = v. What is the remainder when u is divided by 9?
7
Suppose 0*l + 4*x = -l + 66, 2*l - 122 = -3*x. Let o be 0 + 3 - (-69 - -3). Let i = -39 + o. What is the remainder when l is divided by i?
28
Suppose -2*u - 5*m + 26 = -9, -3*u + m + 44 = 0. Suppose 79 = -64*w + 2511. Calculate the remainder when w is divided by u.
8
Let r(j) = -5*j + 79. What is the remainder when 22 is divided by r(13)?
8
Let a(f) = f**2 + 2*f + 3. Suppose 0 = 35*h - 39*h + 3*z + 201, -3*z - 9 = 0. Calculate the remainder when h is divided by a(-5).
12
Suppose 3401*b = 3415*b - 41384. What is the remainder when b is divided by 58?
56
Let h(p) = p**2 + 19*p + 18. Let z(o) = o**2 + 19*o + 17. Let j(m) = -3*h(m) + 4*z(m). Let i = -47 + 28. What is the remainder when j(i) is divided by 7?
0
Let g = -4787 + 4804. Calculate the remainder when 114 is divided by g.
12
Suppose 41*f - 2638 = 1872. What is the remainder when 1759 is divided by f?
109
Suppose 0 = -443*z + 363*z + 5600. Suppose -2*s + 3*s = 37. Calculate the remainder when z is divided by s.
33
Let v(g) = -g**3 + g**2 + 5*g + 6. Let z be v(3). Suppose 3*p = z*x + 1032, -580 = -3*p - 5*x + 468. What is the remainder when p is divided by 32?
26
Let u = 4311 - 4306. What is the remainder when 168 is divided by u?
3
Suppose 116*r - 2007 = 77*r + 3492. Calculate the remainder when 275 is divided by r.
134
Suppose 57 = t - 3*r, 6*t - 3*t - 139 = r. Suppose 2*p - 3*p = -t. What is the remainder when 6 + -2 - ((-27)/18*-4 - 132) is divided by p?
40
Suppose 200*i + 1010 = 61610. Calculate the remainder when i is divided by 74.
7
Let t(w) = 17*w**2 - 17*w + 47. Suppose 2*h = 130 + 22. What is the remainder when t(3) is divided by h?
73
What is the remainder when 27069 is divided by 6/(-3)*(-3)/(320/(-30) - -11)?
15
Suppose -t + 6 = -1. Let l(b) = 17*b + 187. Let g be l(-15). Let s = g + 101. Calculate the remainder when s is divided by t.
5
Let k = 66 - 9. Let t(n) = -2*n**2 + 2*n**2 + 12 - 12*n - n**2 - 10. Calculate the remainder when k is divided by t(-9).
28
Let d(u) be the second derivative of -u**4/12 - 11*u**3/6 + 3*u**2/2 - 3*u - 3. What is the remainder when 119 is divided by d(-5)?
20
Let f = 24499 - 24409. What is the remainder when 782 is divided by f?
62
Suppose 3*a - o = 641, 7 = -2*o - 3. Suppose 19*r - 23*r + a = 0. What is the remainder when r is divided by -1 - (-2 + 4) -